5).
5
Let m(o) = 15*o + 1. Determine m(1).
16
Let y(d) = -d**2 - 2*d - 7. Determine y(-5).
-22
Let l(v) = -92*v**3 + v - 1. Calculate l(1).
-92
Let q(k) = 3*k**3 - 8*k**2 - k - 5. What is q(3)?
1
Let y(a) = 2*a - 14. Determine y(9).
4
Let i(r) = 2*r - 16. Give i(6).
-4
Let j(c) = c**3 + 2*c**2 + 10*c + 35. Calculate j(-3).
-4
Let u(q) = -35*q**2 + 4*q - 1. Calculate u(2).
-133
Let q(x) = 4*x. Determine q(-1).
-4
Let d(h) = h**3 - 10*h**2 + 11*h - 19. Determine d(9).
-1
Let w(v) = 28*v**2 - 168*v. Determine w(6).
0
Let c(w) = -2*w**2 - 4*w - 6. Determine c(-2).
-6
Let u(b) = 29*b**3 - b**2 + b + 1. Determine u(-1).
-30
Let f(o) = o**3 + 11*o**2 - 45*o - 49. Give f(-14).
-7
Let k(j) = j**3 + 3*j**2 - 9. What is k(-2)?
-5
Let q(v) = -v - 9. Calculate q(-8).
-1
Let u(x) = 5*x - 48. Calculate u(20).
52
Let p(m) = -m**2 - 20*m + 81. Calculate p(-24).
-15
Let j(r) = -r**3 - 44*r**2 - 42*r + 37. Calculate j(-43).
-6
Let u(m) = m**2 + 7*m - 17. Calculate u(2).
1
Let f(l) = -2*l**3 - 10*l**2 + 14*l - 2. What is f(-6)?
-14
Let n(p) = 2*p + 10. What is n(-4)?
2
Let d(a) = 4*a - 19. What is d(3)?
-7
Let j(s) = -s**3 - 9*s**2 + 21*s - 8. Calculate j(-11).
3
Let t(o) = 2*o + 1. Give t(5).
11
Let t(f) = f**2 - f - 33. Give t(6).
-3
Let y(c) = 3*c + 27. Give y(-10).
-3
Let v(m) = m**2 - 42. Calculate v(-7).
7
Let i(p) = -p**2 + 11*p + 13. What is i(-2)?
-13
Let z(q) = -5*q + 20. Determine z(5).
-5
Let y(h) = -25*h + 2. What is y(2)?
-48
Let p(c) = c**3 + 3*c**2 - 5*c. What is p(-4)?
4
Let v(d) = -d**2 - 10*d - 12. Determine v(-10).
-12
Let n(u) = -u + 11. Calculate n(6).
5
Let v(n) = n**3 + 12*n**2 - 12*n + 18. What is v(-13)?
5
Let x(s) = -2*s - 17. Determine x(-13).
9
Let w(b) = -b**2 - 7*b - 5. What is w(-5)?
5
Let x(o) = -2*o**2 + 16*o + 129. Calculate x(13).
-1
Let i(u) = -7*u - 18. Determine i(-7).
31
Let k(s) = s**3 + 4*s**2 - 4*s - 7. What is k(-4)?
9
Let z(s) = -3*s + 21. What is z(8)?
-3
Let x(s) = s**3 - 15*s**2 - 14*s - 33. Determine x(16).
-1
Let a(l) = -4*l - 14. Give a(-5).
6
Let m(f) = -f + 15. Calculate m(-15).
30
Let h(z) = 21*z. Determine h(-2).
-42
Let k(c) = 2*c**2 - 2*c - 3. Determine k(3).
9
Let b(m) = -2*m - 12. Determine b(0).
-12
Let n(b) = b**3 + 6*b**2 - 6*b - 1. Determine n(-7).
-8
Let c(p) = p**3 + 8*p**2 - 6*p + 11. Give c(-9).
-16
Let u(c) = 2*c**2 + 147*c + 359. Give u(-71).
4
Let w(o) = -3*o**2 + 17*o - 12. Give w(8).
-68
Let y(l) = -27*l + 431. Calculate y(16).
-1
Let g(f) = -4*f**2 + f - 1. Determine g(1).
-4
Let v(g) = -g**3 - g**2 + 2*g - 5. Calculate v(-3).
7
Let y(b) = 3*b**3 + b**2 + 3*b - 1. Give y(3).
98
Let z(m) = -m - 43. What is z(-31)?
-12
Let a(f) = 3*f**2 + 2*f + 2. Determine a(-1).
3
Let l(j) = -j - 8. Give l(-18).
10
Let b(i) = i**3 - i**2 - 97. What is b(0)?
-97
Let v(k) = k**2 + k - 6. What is v(0)?
-6
Let s(b) = -b**2 + 11*b - 14. Determine s(11).
-14
Let s(u) = -u**2 + 15*u + 13. Determine s(15).
13
Let a(s) = s**3 - 8*s**2 + 6*s - 7. Determine a(7).
-14
Let u(k) = -k**3 - 26*k**2 - 25*k - 34. Give u(-25).
-34
Let d(g) = -6*g - 19. Calculate d(-2).
-7
Let s(r) = 7*r - 14. Determine s(5).
21
Let j(a) = a**3 - 13*a**2 + 9*a + 10. Calculate j(12).
-26
Let w(m) = -m**2 - 12*m + 26. Give w(-12).
26
Let k(z) = -z**3 + 3*z**2 - 2*z + 8. Calculate k(4).
-16
Let f(t) = 3*t**3 - 2*t**2 - 3*t + 7. Determine f(2).
17
Let s(a) = -a**2 - 11*a. What is s(-12)?
-12
Let g(h) = h**2 + 5*h - 2. Calculate g(-6).
4
Let d(l) = 4*l + 9. What is d(-4)?
-7
Let d(s) = -s**3 + 5*s**2 - 4*s - 3. Calculate d(4).
-3
Let t(b) = b**2 + 9*b + 10. Determine t(-12).
46
Let i(c) = c + 22. Give i(-17).
5
Let n(w) = 2*w**2 - 10*w + 2. What is n(4)?
-6
Let x(n) = -n**3 + 5*n**2 + 26*n - 18. What is x(8)?
-2
Let t(h) = -4*h**2 + 15*h - 5. Determine t(7).
-96
Let k(o) = -10*o - 40. Give k(-4).
0
Let n(b) = b**3 - 21*b**2 - 41*b - 41. Calculate n(23).
74
Let r(f) = f + 18. Determine r(-20).
-2
Let y(d) = -3*d + 24. Give y(6).
6
Let c(f) = 6*f - 3. Determine c(1).
3
Let o(b) = -2*b**3 + 14*b**2 + 9*b - 61. Calculate o(7).
2
Let w(b) = b**3 - 9*b**2 - 7*b - 10. Calculate w(10).
20
Let d(f) = -3*f + 11. Determine d(7).
-10
Let p(g) = -g**2 - 10*g - 10. Calculate p(-10).
-10
Let a(u) = 2*u**2 - 14*u + 66. Determine a(6).
54
Let b(n) = 7*n**2 + 8*n + 10. Give b(-1).
9
Let l(m) = -2*m**2 + 10*m - 3. What is l(5)?
-3
Let b(a) = -11*a + 3. Determine b(1).
-8
Let s(p) = p**2 - 16*p + 23. Calculate s(14).
-5
Let c(o) = 8*o**3 - 2*o**2 + 1. Determine c(1).
7
Let r(o) = -o**3 + 6*o**2 + 3*o - 15. Determine r(6).
3
Let d(o) = -4*o**2 + 2*o + 4. Determine d(2).
-8
Let o(i) = 4*i + 191. Give o(-44).
15
Let x(w) = -w**2 - 51*w - 9. Give x(-51).
-9
Let j(k) = 12*k + 200. Calculate j(-16).
8
Let r(g) = 147*g - 1768. What is r(12)?
-4
Let l(i) = -8*i + 12. Determine l(5).
-28
Let z(n) = -2*n**2 - 3*n - 3. Calculate z(-1).
-2
Let s(w) = -5*w + 118. Give s(24).
-2
Let r(q) = -q**2 + 15*q. Give r(6).
54
Let m(a) = a**2 - 15*a + 12. Calculate m(9).
-42
Let q(s) = s**2 - s + 5. Give q(5).
25
Let o(l) = -6*l + 11. Give o(6).
-25
Let k(n) = -n + 143. Calculate k(0).
143
Let a(u) = -u**3 + 8*u**2 - 6*u + 5. Calculate a(7).
12
Let o(f) = f**3 - 14*f**2 + 10*f + 9. What is o(13)?
-30
Let t(o) = -64*o + 1. Give t(0).
1
Let s(h) = 2*h**2 - 22*h + 29. Give s(9).
-7
Let d(h) = h**3 - 9*h**2 + 12*h - 14. What is d(7)?
-28
Let h(r) = r**3 - 7*r**2 - 22*r + 21. What is h(9)?
-15
Let u(r) = r**3 - 5*r**2 + 4*r - 3. Give u(7).
123
Let d(f) = -2*f**2 - f + 24. Give d(3).
3
Let u(i) = -2*i**2 - 11*i + 2. What is u(-6)?
-4
Let q(p) = p**3 - p - 21. Give q(0).
-21
Let b(z) = -5*z - 10. Calculate b(-7).
25
Let f(v) = -v**2 + v. What is f(2)?
-2
Let g(j) = -14*j + 36. Determine g(4).
-20
Let b(y) = -2*y**3 - 6*y**2 - y + 12. Give b(-5).
117
Let g(l) = -22*l**2 - 133*l - 2. Calculate g(-6).
4
Let u(q) = 8*q + 33. Calculate u(-6).
-15
Let g(a) = -5*a - 26. Calculate g(-10).
24
Let v(c) = c**3 + 13*c**2 - 13*c - 1. Determine v(-14).
-15
Let p(j) = -j. What is p(-13)?
13
Let x(a) = 4*a**2 - 89*a + 185. Determine x(20).
5
Let v(x) = -13*x + 7. Calculate v(-4).
59
Let i(f) = f**3 - 6*f**2 + f - 6. Give i(6).
0
Let b(p) = -5*p + 22. Determine b(6).
-8
Let l(f) = -13*f**2 - 6*f - 1. What is l(-1)?
-8
Let r(y) = -y**3 + 5*y**2 - 3*y - 11. Give r(5).
-26
Let a(z) = -z**3 + 8*z**2 - 7*z + 4. Calculate a(3).
28
Let u(o) = -o**2 - 43*o - 154. Calculate u(-39).
2
Let c(u) = -u**3 + 5*u**2 - 4*u + 2. Give c(6).
-58
Let l(q) = -q**3 - 15*q**2 + 14*q - 37. Determine l(-16).
-5
Let v(m) = m**3 + 7*m**2 - 8*m - 15. Give v(-7).
41
Let x(z) = z**2 - 6*z + 3. Determine x(5).
-2
Let u(f) = 90*f - 89. What is u(1)?
1
Let s(u) = 18*u + 138. Determine s(-8).
-6
Let q(t) = 3*t**2 + 40*t + 50. Give q(-12).
2
Let v(y) = -y**3 - 66*y**2 - 308*y - 188. Determine v(-61).
-5
Let i(x) = -x**3 - 5*x**2 + 15. What is i(-4)?
-1
Let r(w) = 4*w**3 + w**2 - w + 3. Give r(-2).
-23
Let f(p) = -4*p + 32. Determine f(8).
0
Let r(t) = t**3 - 10*t**2 + 24*t - 3. Give r(3).
6
Let f(j) = -2*j + 14. Calculate f(14).
-14
Let w(r) = -5*r - 14. Determine w(-7).
21
Let p(u) = u - 7. Calculate p(-6).
-13
Let t(k) = -k + 37. Calculate t(11).
26
Let k(f) = -2*f**3 + 19*f**2 + 8*f + 23. Determine k(10).
3
Let g(f) = 2*f - 15. Give g(-2).
-19
Let j(q) = 64*q + 42. Give j(-1).
-22
Let g(o) = 6*o**2 - 3*o + 1. Give g(3).
46
Let k(h) = -h**3 + 2*h**2 - 3*h + 1. Calculate k(4).
-43
Let o(p) = 13*p + 160. Calculate o(-12).
4
Let y(i) = -i**2 - 9*i + 28. What is y(-14)?
-42
Let n(w) = -4*w - 15. Determine n(-12).
33
Let u(t) = t + 9. Calculate u(-3).
6
Let t(i) = -4*i + 78. Give t(23).
-14
Let o(c) = -2*c**2 + 29*c + 40. Determine o(16).
-8
Let x(f) = f**3 - 7*f**2 + 5*f + 6. Calculate x(6).
0
Let c(g) = -g**3 - 9*g**2 + 13*g - 3. Calculate c(-10).
-33
Let a(s) = -3*s + 24. Determine a(6).
6
Let c(p) = p + 27. Determine c(-29).
-2
Let i(v) = 2*v**2 - 2*v - 8. Calculate i(-6).
76
Let m(l) = -l**2 - 17*l + 64. Give m(-20).
4
Let k(z) = 11*z + 9. Calculate k(4).
53
Let a(o) = o**3 + 17*o**2 - 23*o - 74. Determine a(-18).
16
Let z(c) = c**3 - 88*c**2 - 273*c. Determine z(91).
0
Let z(t) = t**3 - 23*t**2 - 6*t + 137. Determine z(23).
-1
Let n(h) = -79*h + 6. Calculate n(0).
6
Let c(m) = -3*m**3 + 42*m**2 + 3*m - 41. Calculate c(14).
1
Let k(u) = -u + 12